e 18 = -m - 3*a, 5*a + k = -0. Let b = m + 18. What is the units digit of b?
6
Let h(g) be the second derivative of 61*g**3/6 - 19*g**2/2 + 11*g. What is the hundreds digit of h(3)?
1
Let i(f) = -f**3 + 7*f**2 + 13*f + 3. Let g(z) = z**2 - 5*z + 3. Let l be g(6). Let a be i(l). Let m = a - -97. What is the units digit of m?
5
Let b(u) = -31*u - 12. Let w be b(-2). Suppose -151 = -3*z - 2*a, -a + w = 2*z - 49. What is the tens digit of z?
4
What is the tens digit of (-88)/(-220) + (-1 - (-2828)/5)?
6
Suppose 2*z - 5*f - 10 = -3*z, 5*f = -3*z + 38. Let s = z - 2. What is the units digit of s?
4
What is the tens digit of (-4)/40 + (-5084)/(-40)?
2
Let v(d) = 8*d**3 - 3*d + 9. What is the tens digit of v(4)?
0
Let v(n) = n + 10. Let m be v(-5). Suppose 3*j = -3*a + 276, -4*a - m*j + 103 + 269 = 0. What is the units digit of a?
8
Suppose 3*j - 173 = -g, -4*j - g + 234 = 2*g. Let x = 6 + -6. Suppose x*d + j = 3*d. What is the tens digit of d?
1
Suppose -k + 6*k = -4*y + 4036, 3*k - 3030 = -3*y. What is the hundreds digit of y?
0
Let j = 12 - 12. Let u(b) = b**2 + 5. Let n be u(j). Suppose p + z = 7, -2 - 45 = -n*p - z. What is the tens digit of p?
1
Let z(v) = -v**3 + 4*v**2 + 6*v - 6. Let j be z(4). What is the hundreds digit of (j/6)/((-2)/18)*-6?
1
Let s(m) = m + 2. Let v be s(-4). Let x be (40/25)/(v/10). What is the units digit of -1 - (x + (-5 - -3))?
9
Let c be 5 + -3*(-6)/(-18). Suppose -2*b + 202 = 9*m - c*m, 0 = -2*b + 4*m + 220. What is the tens digit of b?
0
Let f(i) = 3*i**3 - 7*i**2 + 9*i - 3. Let r be (-24)/18*3/(-1). What is the tens digit of f(r)?
1
Let j = 1487 - 978. What is the hundreds digit of j?
5
Let l be -4 + 2 + (79 - -4). Let t = -41 + l. What is the units digit of t?
0
Let l(s) = -s**3 - 4*s**2 + 4*s + 49. What is the units digit of l(-8)?
3
Let l(t) = -t**2 - 7*t - 2. Let y be l(0). What is the tens digit of 920/12 - y/6?
7
Let a(r) = -r**3 - 12*r**2 - 11*r + 4. Let h be a(-11). Suppose -h*y + 514 = -3*b, 3*b = -y - 61 + 182. What is the tens digit of y?
2
Suppose 2*s + 2 = 0, 3*d + 2*s - 2584 = -3*s. What is the tens digit of d?
6
Suppose 3*f + 156 = l, 0 = -8*f + 6*f - 10. Let m = l + 193. What is the units digit of m?
4
Let j(y) = 30*y**2 - 8*y + 2. Let p be j(-5). Suppose 4*q - p = -3*b, -2*b = b + 3*q - 789. What is the hundreds digit of b?
2
What is the units digit of ((-116)/3)/((-20)/45)?
7
Suppose -3*v - 4 = s - v, -v = 5*s - 7. Suppose -3*x = -d + 67, 4*d + 71 = -s*x + 269. What is the units digit of d?
2
Suppose 3*q - 26 + 136 = -4*i, 5*q + 170 = -4*i. Let u be (17 + -7)*q/(-4). What is the units digit of (u/9)/(-1)*-3?
5
Let a be 1/(-5) - (211/(-5) - 2). Let z = a - -19. What is the units digit of z?
3
Suppose 0*c + 33 = 3*c. Let u = c - 6. Suppose -u*i + 124 = k, 0 = -5*i - 5*k - 63 + 203. What is the tens digit of i?
2
What is the units digit of 272764/222 + 4/3?
0
What is the tens digit of ((-46)/(-4))/(17149/(-1430) - -12)?
9
Suppose -4*i - 3*w + 3164 = -6*w, 2*i = -w + 1582. What is the units digit of i?
1
What is the tens digit of 4575/15 - 15/(-3)?
1
Suppose 4*q + 766 = 2*p, -1985 = 4*p - 9*p - 4*q. What is the tens digit of p?
9
Suppose 3*p - 11 = -2. Suppose 3*x - 5*l = -0*x + 251, -4*x + 378 = 2*l. Suppose -p*n = 2*c - 41, -x + 1 = -4*c - 3*n. What is the units digit of c?
5
What is the units digit of (211/2 - -7)/(3/8)?
0
Suppose -48*y + 12839 = -11*y. What is the hundreds digit of y?
3
Let x(u) = -u**3 + 11*u**2 + 12*u + 4. Let w be x(12). What is the units digit of (-66)/w*(3 - 39/9)?
2
Suppose 31*l - 5188 = 20046. What is the hundreds digit of l?
8
Suppose 2*g = 4*l - 2, 4*g - 2*l - 2 = 6. What is the units digit of g - ((-8)/7 + (-6)/(-42))?
4
What is the hundreds digit of (-1266)/18*((-3)/1 + 0)?
2
Let i(d) = d**3 + 13*d**2 + 13*d + 17. Let p be i(-12). Let g be p/2*-1*-64. Suppose -g - 60 = -4*c. What is the tens digit of c?
5
Let j be 9/(-2)*16/(-24). Let w be ((-108)/(-24))/(j/4). What is the tens digit of 2/(-4) + 459/w?
7
Suppose -3*f - 63 + 21 = 0. Let q = 54 + f. What is the tens digit of q?
4
Let z = 5764 - 3243. What is the hundreds digit of z?
5
Let t(x) = x**3 + 15*x**2 + x + 3. What is the hundreds digit of t(-11)?
4
What is the units digit of (-237)/2*(6 - (-768)/(-36))?
7
Let s = 494 + 1028. What is the hundreds digit of s?
5
Suppose -3*y - 4*f + 31 + 6 = 0, -3*y + 4*f + 53 = 0. Suppose y*n - 18*n + 39 = 0. What is the units digit of n?
3
Let x = 1912 - -1290. What is the thousands digit of x?
3
Suppose 4*v - 27 = -3. Suppose v*p - p + h - 264 = 0, -270 = -5*p + 5*h. What is the units digit of p?
3
What is the tens digit of (-6 + 5)*239*-1?
3
Let v(d) = -d**3 + 8*d**2 - 10*d + 7. Let h be v(6). Let z be (h + -7)*(-6)/4. What is the units digit of (-8)/12*1*z?
2
Let r = 32 + 247. What is the tens digit of r?
7
Let c = -548 + 2389. What is the tens digit of c?
4
Suppose 30*g + 1105 = 7825. What is the hundreds digit of g?
2
Suppose 21 = -3*o - 9. Let c = o + 9. Let d = 15 + c. What is the units digit of d?
4
Let w(x) be the third derivative of x**5/30 + 7*x**4/24 - x**3/6 + 6*x**2. What is the tens digit of w(4)?
5
Suppose -18*u + 12863 - 2045 = 0. What is the tens digit of u?
0
Let y = -34 - -10. Let s = y + 27. Suppose 232 = 4*t - c - s*c, 2*c = 4*t - 236. What is the units digit of t?
0
Let b(x) = -6*x - 25. Let g be b(-6). Let o(c) = -2*c**2 + 26*c - 14. What is the units digit of o(g)?
0
Suppose 2*c = -5 + 29. Let r = 15 - c. What is the units digit of r?
3
Let h(a) = 11*a**2 + a + 1. Suppose -5*b + 18 = 4*b. Let p be h(b). Let x = 99 - p. What is the units digit of x?
2
Let a(k) = k - 1. Let j be a(6). Suppose j*p + q - 37 = -2*q, 2*p + 4*q = 26. Suppose 4*m - 4*z = 160, 0 = p*m + 2*z - 5*z - 190. What is the tens digit of m?
3
Suppose 0 = -m + 4*y + 66 + 125, 5*m - 3*y = 1023. What is the units digit of m?
7
Suppose 0 = 4*p - 40 - 264. Let l = 106 - p. What is the tens digit of l?
3
Let s(n) = 16*n**2 - 40*n + 6. What is the units digit of s(6)?
2
What is the tens digit of (-3)/2 - ((-2526)/12 + 5)?
0
What is the hundreds digit of (-2402)/(-2 - -2 - 2)?
2
Let a be 1*-2 - 85/(-5). Suppose -5*p = -5 + a. Let k = 14 + p. What is the units digit of k?
2
Let r = -900 + 951. What is the tens digit of r?
5
Suppose -7*n + 2106 = 195. What is the units digit of n?
3
Let f(m) = -m + 27. Let u be 7 - (12/4 - 1). Let r(y) = -y + 5. Let c be r(u). What is the units digit of f(c)?
7
Let m(d) = -d**2 - 4*d + 18. Let u be m(-6). Let l(a) = a**2 + 12*a - 20. What is the tens digit of l(u)?
8
Suppose 4*m = 4*n - 6664, 3*n + 5*m = 2*m + 4998. What is the tens digit of n?
6
Suppose 0 = -5*r + 5*j + 11355, 49*r = 52*r - j - 6821. What is the hundreds digit of r?
2
Let o be (-145)/(-6) + (-20)/120. Let s be o/9 + 3/9. Let l = 15 + s. What is the tens digit of l?
1
Suppose -3*g + 8*g - 2300 = -5*s, 0 = 2*s + 4*g - 922. What is the hundreds digit of s?
4
Suppose 65520 = 652*n - 636*n. What is the thousands digit of n?
4
Let j(o) = 15*o + 5. Suppose -6*m = -37 + 7. What is the tens digit of j(m)?
8
Let d = -1408 + 452. What is the units digit of (d/(-8))/(-4 - (-36)/8)?
9
What is the hundreds digit of 0 + 0 - -576 - (-7 - -4)?
5
What is the hundreds digit of (-29)/(((-15)/(-3) - 4)/(-31))?
8
Suppose 0 = 3*q + 3. Suppose 2*u - 2*j - 20 = 0, -2*u - 38 = -7*u - j. Let n = u + q. What is the units digit of n?
7
Suppose 1060 = 15*h - 5*h. What is the units digit of h?
6
Let k(a) = 5*a - 5. Let z be k(1). Suppose z = 40*q - 38*q - 200. What is the hundreds digit of q?
1
Suppose 202 - 552 = -5*i. Suppose -2*a + 22 = -i. What is the tens digit of a?
4
Let g be (9/6)/((-1)/4). Let l = g - -8. What is the tens digit of (4/(-16))/(l/(-104))?
1
Suppose -2*t - 1 + 9 = -2*j, -t = -4*j - 1. Suppose 2*u = p - 10, 3*p = -0*p + u + t. Suppose p = -2*n - 9 + 27. What is the units digit of n?
9
Let p = 551 - 235. What is the hundreds digit of p?
3
Let b = 1 + 0. Let x be b/3 + (-2148)/(-36). Suppose 5*j - x = 3*j. What is the tens digit of j?
3
What is the tens digit of (-1 - 20/(-25)) + (-9412)/(-10)?
4
Suppose 0 = 14*r - 12567 - 10421. What is the hundreds digit of r?
6
Let k be 7 - (0 + -4) - 4. Suppose 3*j - k = 5*f + 2, 2*f = -3*j + 9. Suppose 36 = j*u - 21. What is the tens digit of u?
1
Let i(c) = -c**3 - 3